-3)*57/(-38). Suppose -q + b + 26 = 0. What are the prime factors of q?
2, 23
Suppose -3*n = 3*n - 3150. Suppose l = -5, -2*l - 2*l - n = -5*f. List the prime factors of f.
101
Let v(b) = b**3 - 6*b**2 - 10*b + 8. Let j be (1 - (3 - 16))/2. Let w be v(j). Let n(r) = r**3 + 13*r**2 - r - 9. What are the prime factors of n(w)?
2
Let i be (-1)/3 - ((-110)/6 - -3). List the prime factors of i/(-3) - (0 - 205).
2, 5
What are the prime factors of 3063/(30/(-4)*(-6)/30)?
2, 1021
Let p = 387 + 789. What are the prime factors of p?
2, 3, 7
Let w(i) = i**3 - 11*i**2 + 13*i - 1. Suppose -2*y - 1 = -21. List the prime factors of w(y).
29
Suppose 0 = 5*b, 2*c + 5*b + 66 = -c. What are the prime factors of (-2)/((-4)/c - (-1610)/(-8008))?
2, 13
Let r be 1/(-1)*(-4)/(-4). What are the prime factors of 3/((-15)/(-995)) - r?
2, 5
Let h(b) = 26*b**2 + 23*b + 23. What are the prime factors of h(-6)?
821
List the prime factors of 1 + 21360/(88/11).
2671
Suppose -5*a + 3*g + 992 = 0, 2*a - 5*a - 5*g + 602 = 0. What are the prime factors of a?
199
Let c be (-4)/(-10) - (17898/(-10))/3. Suppose 4*d - 15 = c. What are the prime factors of d?
3, 17
List the prime factors of (((-17936)/6)/(-19))/((-2)/(-12)).
2, 59
Suppose 0 = 2*f - 3*w + 9, 4*w = -3*f - 0*f - 22. List the prime factors of (2/f)/(4/(-300)*1).
5
Let m(h) = -h + h**3 + 4*h - h + 4 - 5*h**2. Let k be m(3). Let q = k - -22. What are the prime factors of q?
2, 7
Let u be (2 - 1) + -8 + 0. Let p be (2/(-3))/(u/756). Let f = -13 + p. What are the prime factors of f?
59
Suppose v = -11*v - 1920. List the prime factors of (-11008)/v*(-5)/(-2).
2, 43
Let b be (10/6)/(13/6396). Suppose -b = 21*m - 26*m. What are the prime factors of m?
2, 41
Let q = -38 - -40. List the prime factors of 190/(-50)*(q - 7).
19
List the prime factors of 232 - (9 + (-78)/6).
2, 59
List the prime factors of (9/60*85)/(6/512).
2, 17
Let n(h) = -2*h**3 - 2*h**2 - h. Let m be n(-2). Suppose 2*f + 0*f = m. Suppose 0 = -7*v + f*v + 14. List the prime factors of v.
7
Suppose 0 = -3*m - 5313 + 15228. What are the prime factors of m?
5, 661
Suppose -5*h = -0*g - 4*g + 7400, 3*g - 5550 = 3*h. List the prime factors of g.
2, 5, 37
Let k(n) = -7*n + 410. List the prime factors of k(54).
2
Let u(d) = -4*d + 4. Let k be u(3). What are the prime factors of (k/2)/(4/(-14))?
2, 7
Let m = 15 + -21. Let t(r) = r + 11. Let z be t(m). Suppose 0 = -3*f + 4*c + 87, 2*f - z*c + 35 = 4*f. What are the prime factors of f?
5
Suppose 0 = -5*t - 0*d + 2*d + 2, d = 2*t. List the prime factors of 6*2 + 2 + t.
2
Let i(a) = 5*a**2 + a - 5. What are the prime factors of i(6)?
181
Suppose 4*k + 262 = -0*k - 3*j, 4*k + 254 = j. Let d = k - -123. What are the prime factors of d?
59
Let z = -10 - -10. Let s be (-2)/(-4) + ((-2)/(-4) - -1). Suppose s*i + c - 2*c - 7 = z, 5*i - 3*c = 15. List the prime factors of i.
2, 3
Let h = -9 - 3. Let s be -1*1 - 1884/h. Suppose 2*m = q + 5*m - 39, -s = -4*q - 4*m. What are the prime factors of q?
3, 13
Suppose 2*y + 3506 = 9*q - 6*q, 4672 = 4*q - 4*y. List the prime factors of q.
2, 3, 5, 13
Suppose v - 7 = 2. Suppose 2*f + 2*d = 5*f - 99, -3*f = -3*d - 102. Let m = f + v. List the prime factors of m.
2, 5
Let v(n) = -n**3 + 2*n**2 + 3*n - 1. Let r be v(3). Let j(u) = u**3 + 3*u**2 + u - 1. Let x be j(r). Let i(d) = d**2 + d + 36. List the prime factors of i(x).
2, 3
Let p = 11 - 8. Suppose p*d - 8 - 1 = 0, 5*y - 589 = 2*d. List the prime factors of y.
7, 17
What are the prime factors of ((-668)/(-8))/((-1)/18*-3)?
3, 167
Let j(r) = -r**3 - 2*r**2 - r + 86. What are the prime factors of j(-13)?
2, 11, 89
Let d(a) = 5*a**3 - 5*a**2 - 32*a - 29. List the prime factors of d(7).
1217
Suppose f - 6*f = -4*m - 20, 2*m + 16 = 4*f. List the prime factors of 116 - (m - -3 - 2).
5, 23
Let a(r) = -r**3 + r**2 - 2*r + 11. Let m(u) = u**3 - u**2 - 2*u - 37. Let j be m(0). Let p = -37 - j. What are the prime factors of a(p)?
11
Let j = -53 - -77. Suppose 0 = j*m - 22*m - 10. Suppose -4*g + m*d + 71 = -0*g, 53 = 3*g - 4*d. What are the prime factors of g?
19
Let f(s) = s**3 + s**2 - 3*s - 2. Let o be f(2). Suppose 765 = -q + o*q. What are the prime factors of q?
3, 5, 17
Suppose -4*p = 2*q - 28, 2*q - 19 = -p + 15. Suppose 5*i - 3*i - 16 = 0. Suppose i*z = 5*z + q. List the prime factors of z.
2, 3
Let q be 29/((9/(-8))/(-9)). Let g = q - 113. Let b = -55 + g. What are the prime factors of b?
2
Suppose 450 = j + 4*j. Suppose o = -o + j. List the prime factors of o.
3, 5
Let z(y) = y**3 - 18*y + 13 + 12 + 12*y**2 - 28. What are the prime factors of z(-13)?
2, 31
Suppose -8*z + 4*z = -4. Let x(q) = -32*q**2 + 3*q - 2. Let b be x(z). Let n = b + 56. List the prime factors of n.
5
What are the prime factors of (80/(-15) - 2)*-3?
2, 11
Let x = 664 - 410. List the prime factors of x.
2, 127
Let q = -31 + 30. What are the prime factors of 12*q/((-4)/10)?
2, 3, 5
Let a be 102 - (-3 + 2 + 1). Let r = a + -46. Suppose -2*w + 3*d = -8 - 22, -5*w + r = 2*d. What are the prime factors of w?
2, 3
Let a = -1 + 3. Suppose -a = -2*k + 2. Suppose -62 = -k*d + 2*l, -d - 99 = -4*d + l. List the prime factors of d.
2, 17
Suppose -4*l = -4*n - 1684, 5*n = -3*l + 9*n + 1266. List the prime factors of l.
2, 11, 19
Let j(v) = 2*v - 47. Let s be j(25). Suppose r = 3*g + 2*g - 18, r + 10 = s*g. List the prime factors of r.
2
Let u be (-2)/(-9) - (-112)/(-18). Let v(j) = 4*j**2 + 3*j + 13. Let m be v(-4). Let y = m + u. List the prime factors of y.
59
Let y(m) = m**2 + 3*m - 2. Let i be y(5). Suppose 0*j + j = -i. Let h = 66 + j. What are the prime factors of h?
2, 7
Let h = 1261 - 741. Suppose h = -7*d + 3*d. What are the prime factors of ((-3)/5)/(2/d)?
3, 13
Let h(a) = a**3 - 10*a**2 - 5*a - 12. List the prime factors of h(14).
2, 3, 13
Let y be (-1)/(-3 + (-302)/(-101)). Suppose -5*i = 5*p - 391 + y, -3*p = -3*i + 198. List the prime factors of i.
2, 31
Let j(w) = -w**3 - 23*w**2 - 30*w - 24. Let x = 18 - 40. List the prime factors of j(x).
2, 19
List the prime factors of (6/8)/(((-33)/220)/(-1)).
5
Suppose -3*p + 804 = 3*h - 0*p, 5*h - 1337 = -2*p. List the prime factors of h.
3, 89
Suppose -l - 20 = 5*k, -2*k + l + 14 = -5*k. Let o be 9 - (-3)/(0 - k). Let i = 12 - o. List the prime factors of i.
2
Let r(y) = -14*y**2 + 2*y - 2. Let v be r(1). Let b be (-33)/(-7) + (-4)/v. Suppose i + 53 = a + 3*i, 2*a + b*i = 109. What are the prime factors of a?
47
Let w be 2 - (-1)/(4/52). List the prime factors of (-50)/w*72/(-10).
2, 3
Suppose 4*j + g = -234, 3*j + 2*j - g = -288. Let y = 79 + j. List the prime factors of y.
3, 7
Suppose y - 8 = -3*y. Suppose y*a - 7*a = -15. Suppose -a = -i - 0. List the prime factors of i.
3
Suppose 3*a + 0*m + 2*m - 11 = 0, 0 = a + 5*m + 5. List the prime factors of 7 + (0 - (-2 + a)).
2
Let r = -1248 - -1797. What are the prime factors of r?
3, 61
Let l(h) = -37*h + 112. List the prime factors of l(-8).
2, 3, 17
Suppose q = -3*b + 2101, 0*b + 4*q = -3*b + 2086. What are the prime factors of b?
2, 3, 13
Let z(h) = 37*h**2 - 28*h + 127. What are the prime factors of z(6)?
1291
Let t = -187 + 516. List the prime factors of t.
7, 47
Suppose -2*j = -5*g + 17 + 4, -4*g = -5*j - 27. Suppose 2*f + g*f - 20 = 0. Suppose -o - 2*a = -15, -5*a + 53 = 4*o - f*a. List the prime factors of o.
13
Let f be 5/(-3*(-3)/(-27)). Let u = 27 - f. What are the prime factors of (322/u)/((-2)/(-6))?
23
Let r(l) = 2*l**2 - l + 2. Suppose 3 + 1 = 2*m. Let u be r(m). Suppose -3*h = -u*h + 75. List the prime factors of h.
3, 5
Suppose 0 = 5*z + 2*j + 30, -3*j + 6*j = 0. Let t be (z/8)/(8/(-32)). Suppose -2*o + 65 = t*x, -10 = -o + 4*x + 39. List the prime factors of o.
37
What are the prime factors of (0 + -1)*(-9 + 11) + 321?
11, 29
Suppose -7*b + 6*b - b = 0. Suppose -10*n + 570 = -b*n. What are the prime factors of n?
3, 19
Suppose 0 = 56*k - 52*k + 36. List the prime factors of (39/15)/(k/(-45)).
13
Let p = 7 + -5. Suppose -6 = -4*u + p. Suppose -8*w = -3*s - 3*w + 58, 5*w = u*s - 47. What are the prime factors of s?
11
Suppose -96 = -5*u + 114. Let z = 64 - u. List the prime factors of z.
2, 11
What are the prime factors of 12/126 + (-205374)/(-63)?
2, 5, 163
Let n = 88 + -151. Let p = n - -156. List the prime factors of p.
3, 31
Let n = -1 - -4. Suppose -3*u + 0 